). Let q be (4/6)/(145/(-30) - -5). Suppose 0 = -2*v + g*m + 32, 1 = q*m - 3. What is the highest common factor of v and 54?
18
Suppose 46 + 50 = 6*k. Suppose 3*f + d - 4*d - 42 = 0, -4*d - k = 0. What is the greatest common divisor of 10 and f?
10
Suppose 18 = -5*o + 11*o. Suppose -3*g = o*g - 300. Calculate the greatest common divisor of 25 and g.
25
Let z = 105 - 49. Calculate the greatest common factor of 24 and z.
8
Suppose y - 4*y + 126 = 0. Suppose 2*n = y + 60. Let i be ((-12)/6)/((-3)/n). Calculate the highest common divisor of i and 51.
17
Suppose 2*g + 5*l = 130, 0*l - 2*l = 2*g - 136. Let d = -86 + 93. Suppose 5*o + d*o - 420 = 0. Calculate the highest common factor of o and g.
35
Let h = -30 + 44. Let u = h + -10. Let a be (u/(-5))/((-1)/30). What is the greatest common divisor of a and 16?
8
Suppose 5*z - 3*z - 90 = 0. Suppose -5*o + 382 = -4*l, 3*o + l = 174 + z. Calculate the greatest common divisor of 185 and o.
37
Let t = -57 - -130. What is the highest common divisor of t and 1?
1
Let w = -21 - -28. Suppose f = 4*v - 74, -3*v = f + w - 59. Suppose v = a + 8. Calculate the greatest common factor of a and 50.
10
Suppose 5*j = -3*k - 8, 4*k + 2*j = 8*k - 24. What is the greatest common divisor of 236 and k?
4
Suppose -9*t + 684 + 180 = 0. Calculate the greatest common factor of 216 and t.
24
Let b be (1/(-4) - 20/(-16))*-6. Let w be (-112)/b + (-2)/(-6). What is the highest common divisor of w and 95?
19
Let x = -14 + 14. Let r be 1 + (2 + 2 - x). Suppose -5*b - r*d + 245 = 0, 0 = b + 3*d - d - 50. Calculate the highest common factor of 6 and b.
6
Let m(j) = -j**2 + j + 7. Let u be m(4). Let t be (-30)/6*48/u. Calculate the highest common factor of t and 6.
6
Suppose 4*j - 3473 = -5*d, 46*d - 45*d - 685 = 4*j. Calculate the highest common divisor of d and 189.
63
Suppose u - 2*s - 3 + 0 = 0, -u + 4*s + 1 = 0. What is the highest common divisor of 40 and u?
5
Let m be 44*(6/(-33) - (-15)/22). Let h be m/4 + (21/6)/(-7). What is the greatest common divisor of h and 80?
5
Let l(w) = w + 6. Let d be l(-6). Suppose d = 19*n - 22*n. Let c be -48*((-20)/12 - n). What is the greatest common divisor of c and 10?
10
Let t(r) = 15*r**3 + 1. Let y be t(1). Suppose -v + y = -4*q - 34, -3*q - 49 = -v. Calculate the highest common divisor of v and 69.
23
Let h be (-2)/(-6) + 56/21 + -3. Suppose -4*z + 0*z + 756 = h. Calculate the highest common factor of z and 21.
21
Let r be 2/(-12) + (-1015)/(-42). Calculate the greatest common divisor of r and 168.
24
Let w be (-2 - -5) + 11 + 3. Suppose -w = -3*f + 70. What is the highest common divisor of f and 116?
29
Let w be 666/54*-3*(1 + -2). Calculate the greatest common factor of w and 481.
37
Let c = 35 + 26. Calculate the greatest common factor of 1403 and c.
61
Let i(y) = -14*y - 7. Let p be i(-6). Let l be (-10)/25 + 148/20. What is the greatest common divisor of l and p?
7
Let z(o) = -7*o + 2. Let g = 24 + -28. Let k be z(g). Calculate the greatest common divisor of k and 10.
10
Suppose -1 - 161 = -6*v. What is the highest common divisor of v and 108?
27
Suppose 16*f - 70 = 11*f. Suppose -z - 3*z = 0. Suppose z*a + 98 = a. What is the greatest common divisor of f and a?
14
Suppose -25 + 1 = -2*r. Let h = -833 + 851. What is the greatest common divisor of h and r?
6
Suppose 197 = 3*d + 5*y, -2*d = -0*d - 5*y - 148. What is the greatest common divisor of 207 and d?
69
Let s(y) = -y**2 - 10*y + 1. Let d be s(-6). Suppose 12*g + d = 17*g. Calculate the highest common factor of g and 25.
5
Suppose 51*c - 54 = 201. Calculate the greatest common divisor of 1 and c.
1
Suppose 24*h = 2634 + 3294. What is the greatest common divisor of 26 and h?
13
Let c = 61 + -31. Let m be (-4 - -1) + 5 + 0 + -2. Let y = m + c. What is the greatest common factor of 15 and y?
15
Suppose 207 = 5*p - 2*i, 30 + 14 = p - 3*i. Let o = -15 + p. Calculate the greatest common divisor of o and 286.
26
Let t be (-29)/(-2) + 2/(-4) + 0. Let p = t - 8. Calculate the highest common factor of p and 66.
6
Let l = 102 + -61. Let q = l + -33. Calculate the highest common divisor of 8 and q.
8
Let y be (237/21 - 1)*(-1862)/(-57). What is the greatest common divisor of y and 42?
42
Suppose 4*x - 5*s - 1605 = 0, 3*s = 4*x - 1544 - 59. What is the greatest common factor of 25 and x?
25
Suppose -2*g = -g - 3, -c = -5*g - 78. Suppose 2*n = r + c, -3*r + 0*r + 113 = 2*n. Let p = n + -31. Calculate the greatest common factor of 126 and p.
18
Let v = -1868 + 1889. What is the greatest common factor of 21 and v?
21
Let t(s) = 24*s**2 - 104*s - 205. Let o be t(-2). Calculate the highest common factor of 77 and o.
11
Let s be 585/30 + (-6)/4. Let u(k) = 2*k**3 - 2*k**2 + 3*k. Let m be u(3). What is the highest common factor of s and m?
9
Suppose -k + 3 = -2. Suppose 0 = -2*l + k*l - 27. Calculate the greatest common factor of 27 and l.
9
Suppose -13*v = -4*j - 12*v + 127, -3*v = -3*j + 93. What is the greatest common divisor of j and 1488?
16
Suppose 313 = 5*r + 118. Let l = -25 + r. Let u = l - 8. Calculate the highest common divisor of 12 and u.
6
Let q(x) = -x**3 + 11*x**2 - 14*x - 27. Let y be q(9). Let o = 132 + 14. Let k = o + -74. What is the highest common factor of k and y?
9
Suppose 4*t - 925 = -5*a, -5*t + 94 = -a - 1026. What is the highest common divisor of t and 100?
25
Let n(f) = 2*f**2 - 21*f + 12. Let t be n(10). Suppose 2*v + t*w = 34, -3*w + 4*w = 5. What is the greatest common divisor of 4 and v?
4
Let s(o) = 2*o + 3. Let y be s(6). Suppose v + 2*f + 2 = 5*f, 3*v = -f - 6. Let w be (-2 - 8)*-1*(-1 - v). What is the highest common factor of w and y?
5
Let h be (-3 + 11)*(-4)/(-8). Suppose -4 - 22 = -2*d - h*w, 3*d = 4*w + 49. What is the highest common factor of 6 and d?
3
Suppose 2*i = -2*i - 3*n + 247, 5*i - 4*n = 332. What is the greatest common factor of i and 80?
16
Let i(h) = h**2 - 6*h - 5. Let v be i(4). Let x = 14 + v. What is the highest common divisor of 8 and x?
1
Suppose -3*d - 2*s = -0*s - 1892, 0 = 3*d + 4*s - 1888. Calculate the highest common factor of d and 8.
8
Suppose -q + 4*x = -34, 2*x = -9*q + 11*q - 92. Calculate the highest common factor of q and 20.
10
Suppose 0 = 162*t - 128*t - 14790. Calculate the greatest common divisor of 15 and t.
15
Let a be 16/20 + 2072/35. What is the highest common factor of a and 36?
12
Let n(m) = -6*m + 34. Let z(l) = 6*l - 33. Let g(i) = 3*n(i) + 2*z(i). Let o be g(-15). Calculate the highest common divisor of 84 and o.
42
Suppose b + 3*b + 20 = 0. Let c be (9/b)/((-1)/10). Suppose -3*k = -2*k - c. Calculate the greatest common factor of k and 6.
6
Let p(m) = m**3 + 5*m**2 + 6*m + 13. Let z be p(-4). Suppose 0*t = -3*q - 3*t + 15, -z*t - 35 = -5*q. Calculate the highest common divisor of q and 66.
6
Suppose -9*d - 2 = -7*d. Let a be (-1 + d)/((-4)/(-208)). Let j be (a/(-65))/(1/15). Calculate the highest common divisor of 216 and j.
24
Suppose -4*m + 660 = 5*r - 3*r, -2*m = 4*r - 1320. What is the greatest common factor of 66 and r?
66
Let b(m) = m**2 + 26*m - 410. Let j be b(-38). Let w = 236 - 52. Calculate the greatest common divisor of j and w.
46
Suppose 7 + 5 = 2*u. Let f(g) = 3*g - 3. Let h be f(u). What is the greatest common divisor of 9 and h?
3
Let z = 5 - 5. Suppose z = 2*q + 11 + 7. Let d = -3 - q. What is the highest common factor of 6 and d?
6
Suppose 208 = 12*m - 4*m. Let i = 180 + -154. Calculate the highest common divisor of i and m.
26
Let d(s) = -s**2 + 6*s. Let u be d(5). Suppose -5*o - u*w + 16 = -4, 3*o = 3*w. Calculate the highest common factor of o and 16.
2
Let h(i) = -6*i + 147. Let y be h(8). What is the highest common factor of 231 and y?
33
Let v = -7 + 102. Suppose -188 = 19*o - 15*o. Let j = o + v. What is the greatest common divisor of j and 6?
6
Suppose -136 = -4*v + 2*v - 3*j, -2*v + 3*j = -136. Calculate the greatest common factor of 1292 and v.
68
Suppose 0 = -51*s + 50*s + 25. Calculate the highest common factor of s and 75.
25
Suppose -2*q + 25 + 39 = 0. Calculate the highest common divisor of q and 176.
16
Let s = -15 + 40. Suppose d = 2*l + 52, -5*l = 5 - s. Let u be (-204)/(-10) + (-4)/10. Calculate the highest common divisor of d and u.
20
Suppose -4*f + 92 = 4*c, 5*f + 50 = 3*c - 43. Calculate the highest common factor of 28